1
What is 185 - 189 - (-1 + 0)?
-3
Calculate 10 + 1 + -5 + -2.
4
8 - (0 + 3) - 3
2
Calculate (14 - 14 - (3 + 2)) + 5.
0
What is the value of 3 + 3 - 2 - -1?
5
What is (-3 - 7 - -5) + 7?
2
Evaluate 4 + -14 + 11 + (-6 - -2).
-3
Evaluate -9 - -1 - (0 + -3).
-5
Evaluate 1 + 0 + 0 - 2.
-1
What is (6 - (2 + 12)) + 15?
7
What is the value of -2 + -1 + 4 + (0 - 1)?
0
-3 + 15 + (19 - 23)
8
What is the value of (-1 + 0 - (7 - 7)) + -2?
-3
What is 12 - (-4 - (-3 + -6))?
7
(-4 - (-9 + 2)) + -1
2
Calculate -15 + 13 - (0 - 1).
-1
What is -2 + (-10 - -11) + 2 + 1?
2
What is -2 + 0 + (-24 - -29)?
3
-4 + 7 - (-10 + 6)
7
1 + -4 + (0 - -8) + 0
5
Evaluate -1 - (0 + 12 - 8).
-5
Evaluate (-2 - 1) + -1 - (-1 - 0).
-3
What is -3 - (-5 - -6 - 7)?
3
Calculate -3 + (0 - 0) + (-1 - 0).
-4
What is -1 + 1 - (-2 + 2)?
0
What is (3 - (1 - -5)) + (5 - -2)?
4
Calculate (3 - -1) + -1 + 5 + -5.
3
What is the value of 4 - (-3 + (6 - -2) - -3)?
-4
Evaluate -7 - -9 - (-2 + 2).
2
-1 + -1 - (-11 + 8 + -3)
4
(11 - (-3 + 13)) + (5 - 1)
5
Calculate (7 - 7) + (-14 - (-14 - -5)).
-5
-2 + -8 + 18 - 8
0
Evaluate 7 + (-3 - (-6 + 3)) + -5.
2
5 + (1 - (-4 - (-2 - 7)))
1
What is the value of -3 - (0 - -3) - -4?
-2
What is the value of -2 + 5 + (4 - 3)?
4
Evaluate -1 + (-5 - -2) + 5 + -3.
-2
4 + (0 - 4 - 1) + 6
5
Evaluate -4 + -3 + 2 + 2 - 0.
-3
-2 + (-4 - -11 - 5) + 2
2
Evaluate 2 + 1 + 2 + (-18 - -19).
6
What is -8 + -1 + 2 + 35 + -31?
-3
Calculate 8 - (8 + -13 + 12).
1
(4 + -7 - -9) + -3 + -5
-2
What is the value of (11 - 11 - -8) + -12?
-4
Evaluate 7 + (-2 - 1) + (6 - 7).
3
Evaluate 0 + -1 + -2 - -5.
2
What is the value of 4 + 2 + 0 + -6 + -5?
-5
15 + (-19 - -10) - (-3 - -1)
8
1 + -8 + 0 + 5
-2
Evaluate 4 + (-6 - (7 + -13)).
4
Evaluate (9 - 5) + -4 + (1 - 1).
0
What is the value of -4 - (6 + -13 - 2)?
5
What is the value of -3 + -3 + -1 + -5 + 7?
-5
What is 4 + (-3 - (0 + 2))?
-1
Evaluate -1 - 0 - (-7 + 5).
1
What is (4 - 0) + (-4 - -9) + -5?
4
-4 - ((-4 + 4 - 0) + 1)
-5
Calculate 0 - -1 - -1 - (-11 - -8).
5
What is the value of (4 - 4) + -4 - -3 - 4?
-5
Calculate -4 - (4 + (11 - 18)).
-1
What is 0 - (1 + -1 + -2)?
2
5 + -6 + 3 - 5
-3
What is the value of -2 - (-4 - (-6 + 1))?
-3
What is the value of (-13 + 8 - -12) + -4?
3
What is the value of (27 - 19) + (0 - 14)?
-6
(-4 - 0) + (-21 + 12 - -11)
-2
Evaluate 2 - (22 + (-11 - 1)).
-8
What is the value of 1 + (2 - 8) + 3?
-2
Calculate 6 + 1 + -36 + 31 + -4.
-2
What is 32 + -35 + (0 - -4)?
1
10 + (6 + -14 - -7)
9
-3 + 1 + (-9 + 25 - 16)
-2
What is 6 + (-10 - -16) + -15?
-3
(22 - 20) + (-1 - (-3 - 1))
5
What is the value of (2 - -2) + -13 - -4?
-5
Evaluate 5 - (1 - (-7 + 12)).
9
What is -3 + 3 + (-6 - -2)?
-4
What is 5 + -1 - (2 + (1 - 3))?
4
Evaluate 0 - ((-1 - (-2 - 1)) + 1).
-3
What is 13 - 13 - (0 + -5) - -1?
6
-6 + 7 + 4 + -1
4
What is the value of 0 + 4 - 3 - 4?
-3
3 - 1 - 3 - (0 + -1)
0
What is the value of -2 + 7 + (-3 - 1) - -4?
5
Evaluate -2 - (0 + -1 - 0) - 0.
-1
-8 - (-16 - -9) - -8
7
Calculate 2 + (-1 - -1) - (7 + -4).
-1
What is -5 + 0 + 2 + -1 + 0?
-4
Evaluate (-2 - (-3 - -1)) + 0 - -4.
4
Calculate -9 - -4 - 3 - -6.
-2
What is the value of (4 - 2) + -2 + 1?
1
(-2 - -5 - -3) + -8
-2
What is -6 - (-10 + 1 + 2 + 3)?
-2
(1 - 1) + (65 - 69)
-4
28 + -24 - (-2 + 4)
2
What is the value of (-4 - -7 - 3) + 5?
5
What is (1 - (-10 - -6)) + 1?
6
What is the value of (-1 - 2) + (-1 + -1 - -8)?
3
What is -3 + 13 - (7 - 2)?
5
Evaluate -10 + (2 - -2) + -3 + -1.
-10
Evaluate -2 + 1 + (-140 - -134).
-7
What is the value of -13 + 9 - (-1 + -2)?
-1
-4 - (4 + (0 - 0) + -5)
-3
(3 - 10) + (11 - (5 + -2))
1
Evaluate 2 + (-3 - 0 - (12 - 16)).
3
What is 2 + (-4 - -12) + -15?
-5
What is -5 - (-6 + 4 + -5)?
2
What is the value of (-10 - 3) + 5 + 10?
2
Evaluate 1 + -4 + 5 - 7.
-5
What is 0 - (3 + -5 + -6 + 2)?
6
What is the value of (-8 - (-7 + 7)) + 6 + -7?
-9
-82 - -74 - (0 + -8)
0
Calculate -4 - (-2 + 6 - 10).
2
-2 - 1 - (13 + -11 + -8)
3
What is the value of 3 + (0 - (-4 - -7)) + -3?
-3
What is 2 - 0 - (0 + (-3 - -4))?
1
Calculate (-2 - 6) + -12 + 12.
-8
-1 + (2 - 1 - 4) + 6
2
What is the value of 4 - 9 - -2 - 0?
-3
-8 + 14 - (-4 + 8)
2
Calculate -2 + 6 + 0 + -3.
1
-1 + (-13 - (-4 + -1)) + 4
-5
What is the value of -34 + 15 + 17 + -4 + -1?
-7
What is the value of 2 - (-66 + 58 + (-1 - -9))?
2
What is the value of 1 - 0 - (1 - -4)?
-4
Evaluate 3 - -4 - 14 - -2.
-5
Evaluate 29 + -12 - (-2 - -11).
8
What is the value of -6 + (7 + 2 + -3 - 0)?
0
-2 - 1 - (-2 + 7 + -4)
-4
-7 + 4 + -3 + 3 - -1
-2
(-1 - 4) + (-23 - -26)
-2
What is the value of (-3 - (1 + -2)) + (0 - -3)?
1
Evaluate -5 + 1 + 38 + -33.
1
What is -3 + 12 + -11 - 2?
-4
3 + (3 - (2 + -2 + 2))
4
Calculate -2 - (-1 + -2) - (-15 + 12).
4
2 + -2 + 2 + (3 - 2)
3
What is the value of -4 - -1 - (0 + (-6 - -3))?
0
What is the value of (-15 - (-2 + -3)) + 5?
-5
Calculate 0 - (-4 + 3 + -1 - -2).
0
What is the value of -6 + 11 + -1 - 2?
2
12 - (-12 - -1) - 12
11
16 - (-3 - (-3 - 6)) - 3
7
What is -3 + (10 - (-7 - -8))?
6
Evaluate 3 + -3 + (6 - 5) - 4.
-3
What is 94 - 85 - (3 + 7)?
-1
-25 + 23 + -1 + 0 + -1
-4
What is the value of 4 + -5 + -1 - -4?
2
0 + -2 - (0 - 3 - -6)
-5
Evaluate (3 - 1) + (-9 - (-4 - 0)).
-3
(-1 - -5) + (1 - 3)
2
What is the value of 3 + -3 + 1 - 4?
-3
Evaluate (-3 - -1) + 3 + -1.
0
What is the value of -5 - ((-7 - 8) + 5)?
5
What is the value of 30 + -23 - (3 + 2)?
2
Evaluate 3 + 1 - (3 + -3 + 7).
-3
Evaluate (1 - -1) + (8 - (19 - 13)).
4
-1 + -1 - ((-10 - -3) + 2)
3
What is -2 + (4 - (-3 - -4))?
1
What is the value of (5 - (-7 - -1)) + -4?
7
Calculate (0 - -6) + (-9 - -24 - 13).
8
What is the value of 4 + -1 + (-5 - 0)?
-2
What is (-1 - (5 + -8 + 11)) + 1?
-8
What is 2 + 8 + (-2 - 3) + -6?
-1
What is the value of 4 + (22 - 16 - (3 - 2))?
9
-6 - (-1 - (-5 + 6))
-4
What is 9 - (8 + 8) - -14?
7
Evaluate 5 - (-2 + 2 + 0).
5
What is the value of -6 + -4 + (-1 - (-2 - 8))?
-1
What is (-2 - -2 - 0) + 1?
1
Calculate (4 - (6 + -1)) + 0.
-1
What is 7 + (4 - (5 + 2))?
4
What is -2 - 0 - -6 - (-1 - 0)?
5
Evaluate -17 + -1 + 7 + 2.
-9
4 + 13 + -4 - 7
6
What is the value of 17 + -2 - (76 - 67)?
6
Calculate -12 + 12 - (2 + (2 - 3)).
-1
Evaluate (-3 - (3 - -3)) + 5.
-4
Evaluate 2 - -5 - (6 - 9 - -4).
6
2 - ((5 - 4) + -1)
2
Evaluate 2 + (2 - 2 - 2) + -5.
-5
What is 7 + -5 - (3 + -4 + 2)?
1
Calculate -4 + (11 - 4 - -2).
5
Evaluate -1 + -1 + (5 - 8 - -10).
5
Evaluate -10 + 7 + (-12 - -8).
-7
What is the value of 4 - (-1 + 5 - -2)?
-2
Calculate 2 - (-4 - (-4 + 3)).
5
Evaluate -16 + 19 + -1 + -6.
-4
What is the value of 0 - ((-3 - 1) + 2 - -5)?
-3
8 + (5 - 8) + -7
-2
What is the value of -1 - (4 - (-2 + 7))?
0
What is (4 + 8 - 1) + -6?
5
What is the value of 4 + -3 + 1 + 2?
4
What is -6 + 0 - (-1 - 4)?
-1
What is -4 - (7 - 8 - (-1 + 0))?
-4
Calculate 9 - (9 - (1 - -3)).
4
What is -1 + 2 + -5 + 2?
-2
What is 4 + -6 + (5 - 2)?
1
(20 - (8 + 6)) + (0 - 0)
6
What is the value of -1 + (-1 + -2 - 0)?
-4
Calculate 2 + 1 + (-6 - -7).
4
What is the value of -8 + (1 - (1 - 5))?
-3
Evaluate 14 + (-12 - 5 - 6).
-9
-2 + 0 + 5 + 1
4
2 + 4 + (1 + -1 - 1)
5
Calculate 2 + (-2 - (9 + -5)).
-4
Evaluate 6 - (0 - -1) - (-1 + 1).
5
Evaluate 4 - ((4 - 5) + 1) - 5.
-1
Calculate (1 - 1) + (70 - 78).
-8
Evaluate 6 - (-1 - 0) - (2 + 0).
5
Calculate (-7 - -26) + -12 + -7.
0
What is the value of 0 + 5 - (0 - -1)?
4
What is 3 - (0 - -4) - (-27 - -19)?
7
Calculate 4 + (3 - 8) + (-1 - -2).
0
Calculate -14 + (0 - (-9 - -1 - -1)).
-7
-1 - (0 - (-2 + 0) - 5)
2
What is the value of 4 + -1 + 1 - (11 - 9)?
2
Evaluate -8 - (-4 - 1 - 9).
6
0 - (8 + -9) - 5
-4
Evaluate -6 - 1 - (2 + 4 - 10).
-3
Evaluate (15 - 15) + (10 - 2).
8
What is the value of -6 + -1 + (-47 - -53) - 6?
-7
What is the value of 12 - ((-8 - -7) + 6) - 5?
2
Calculate 0 - (5 + -10 + 5).
0
Calculate 0 - (3 + -3) - 3.
-3
(-11 - -8) + 9 + -1
5
Calculate 1 - (2 + -6 + 4).
1
What is -1 - (-3 + -2) - -1?
5
Evaluate (0 - (0 - 7)) + -2 + -1.
4
What is -14 + -11 + (9 - -10)?
-6
Evaluate -3 - (-2 + 2 - -3 - 5).
-1
Calculate -4 - (1 + 2 - 3).
-4
What is -3 - -5 - ((3 - -1) + -1)?
-1
Evaluate 0 - (2 + 5 + -7) - -2.
2
0 + -2 - (158 + -152)
-8
Evaluate -8 + 0 + 3 + 4.
-1
Evaluate 2 + 3 + -5 - 9 - -4.
-5
-5 - ((0 - 3) + 3)
-5
What is (-1 - (0 + -4)) + (-1 - -1)?
3
What is -5 + 0 + 4 - 0?
-1
Wha